{"id":2099,"date":"2021-05-24T20:39:49","date_gmt":"2021-05-24T17:39:49","guid":{"rendered":"http:\/\/ajansmultimedya.com\/?page_id=2099"},"modified":"2021-05-24T20:43:51","modified_gmt":"2021-05-24T17:43:51","slug":"kalite-politikamiz","status":"publish","type":"page","link":"https:\/\/ajansmultimedya.com\/?page_id=2099","title":{"rendered":"Kalite Politikam\u0131z"},"content":{"rendered":"\t\t<div data-elementor-type=\"wp-page\" data-elementor-id=\"2099\" class=\"elementor elementor-2099\">\n\t\t\t\t\t\t<section class=\"elementor-section elementor-top-section elementor-element elementor-element-696d5b2 elementor-section-boxed elementor-section-height-default elementor-section-height-default\" data-id=\"696d5b2\" data-element_type=\"section\">\n\t\t\t\t\t\t<div class=\"elementor-container elementor-column-gap-default\">\n\t\t\t\t\t<div class=\"elementor-column elementor-col-100 elementor-top-column elementor-element elementor-element-73b6b3d\" data-id=\"73b6b3d\" data-element_type=\"column\">\n\t\t\t<div class=\"elementor-widget-wrap elementor-element-populated\">\n\t\t\t\t\t\t<div class=\"elementor-element elementor-element-4bd726a elementor-widget elementor-widget-heading\" data-id=\"4bd726a\" data-element_type=\"widget\" data-widget_type=\"heading.default\">\n\t\t\t\t<div class=\"elementor-widget-container\">\n\t\t\t\t\t<h2 class=\"elementor-heading-title elementor-size-default\">KAL\u0130TE POL\u0130T\u0130KAMIZ<\/h2>\t\t\t\t<\/div>\n\t\t\t\t<\/div>\n\t\t\t\t\t<\/div>\n\t\t<\/div>\n\t\t\t\t\t<\/div>\n\t\t<\/section>\n\t\t\t\t<section class=\"elementor-section elementor-top-section elementor-element elementor-element-cdb7d7e elementor-section-boxed elementor-section-height-default elementor-section-height-default\" data-id=\"cdb7d7e\" data-element_type=\"section\">\n\t\t\t\t\t\t<div class=\"elementor-container elementor-column-gap-default\">\n\t\t\t\t\t<div class=\"elementor-column elementor-col-100 elementor-top-column elementor-element elementor-element-40b8078\" data-id=\"40b8078\" data-element_type=\"column\">\n\t\t\t<div class=\"elementor-widget-wrap elementor-element-populated\">\n\t\t\t\t\t\t<div class=\"elementor-element elementor-element-66f5fc1 elementor-widget elementor-widget-text-editor\" data-id=\"66f5fc1\" data-element_type=\"widget\" data-widget_type=\"text-editor.default\">\n\t\t\t\t<div class=\"elementor-widget-container\">\n\t\t\t\t\t\t\t\t\t<p>M\u00fc\u015fteri memnuniyeti sa\u011flamak i\u00e7in sizin yani m\u00fc\u015fterilerimizin ne istedi\u011fini biliyoruz. Her \u015feyden \u00f6nce m\u00fc\u015fterilerimizin bize ula\u015fabilmesini sa\u011fl\u0131yoruz ve bizimle payla\u015ft\u0131klar\u0131 fikirlere de\u011fer veriyoruz. M\u00fc\u015fterilerimizle kurdu\u011funuz ileti\u015fimin \u015firketimiz i\u00e7in olumlu geri d\u00f6n\u00fc\u015fler sa\u011flayaca\u011f\u0131n\u0131 bilenlerdeniz.<\/p><h4>Mutluluk payla\u015ft\u0131k\u00e7a artar ve mutlu m\u00fc\u015fteriler g\u00f6rmemizi sa\u011flar \ud83d\ude42<\/h4><p>20 y\u0131ld\u0131r edindi\u011fimiz tecr\u00fcbe ile kalitemizden ve prensiplerimizden \u00f6d\u00fcn vermeden hizmet vermekteyiz. Olu\u015fturdu\u011fumuz t\u00fcm web tasar\u0131m\u0131 projelerini kurumunuza \u00f6zel dizayn ediyoruz. T\u00fcm Tasar\u0131mlar son derece modern ayn\u0131 zamanda % 100 sizin istedi\u011finiz gibi bir proje ortaya \u00e7\u0131kar\u0131yoruz. \u00d6zel Yaz\u0131l\u0131m Projeleri Geli\u015ftirerek, bu Projelerin Teknik ve Bak\u0131m Destek Hizmetleri konular\u0131nda faaliyet g\u00f6stermekte olan Host Bankas\u0131 faaliyetlerini ekonomik, g\u00fcvenli ve h\u0131zl\u0131 bir \u015fekilde sunarak s\u00fcrekli tercih edilen d\u00fcnya standartlar\u0131nda bir firma olmak i\u00e7in; M\u00fc\u015fterilerimize hizmet verirken \u00f6ncelikli olarak benimsedi\u011fimiz ana prensipleri a\u015fa\u011f\u0131da g\u00f6rebilirsiniz.<\/p><ul><li>M\u00fc\u015fteri memnuniyetini \u00f6n planda tutmak<\/li><li>Projelerini termin zaman\u0131nda teslim etmek<\/li><li>Hukuki ve yasal mevzuatlara tavizsiz uymak<\/li><li>M\u00fc\u015fteri ve \u00e7al\u0131\u015fanlar\u0131n\u0131 varl\u0131k nedeni kabul etmek<\/li><li>Firman\u0131z\u0131n &#8220;ruhunu&#8221; yans\u0131tmal\u0131, somutlast\u0131rmal\u0131d\u0131r.<\/li><li>M\u00fc\u015fteri bilgilerinin gizlili\u011fi\u201d ilkesine sad\u0131k kalarak hizmet veriyoruz.<\/li><li>Bu kurumda m\u00fc\u015fteriler i\u00e7in ve m\u00fc\u015fteriler sayesinde var oldu\u011fumuzu biliyoruz.<\/li><li>M\u00fc\u015fterilerin \u00f6zelliklerini, ihtiya\u00e7 ve beklentilerini anlamak i\u00e7in \u00e7aba g\u00f6steriyoruz.<\/li><li>M\u00fc\u015fterileri her zaman dinlemeye haz\u0131r oldu\u011fumuzu, sorunlar\u0131yla ilgilenir ve \u00e7\u00f6z\u00fcm i\u00e7in gerekli deste\u011fi vermeyi hedefliyoruz.<\/li><li>M\u00fc\u015fterileri tam ve zaman\u0131nda bilgilendirmeye \u00f6nem veriyor. Bilgilerin net ve anla\u015f\u0131l\u0131r olmas\u0131na \u00f6zen g\u00f6steriyoruz.<\/li><li>M\u00fc\u015fterileri ile uzun vadeli, her iki taraf a\u00e7\u0131s\u0131ndan da adil ve kazand\u0131ran bir ili\u015fki kurmay\u0131 hedefliyoruz.<\/li><li>Her \u015fikayeti bir arma\u011fan olarak de\u011ferlendirir ve ona lay\u0131k hizmet vermeyi hedefleriz.<\/li><li>M\u00fc\u015fteriler taraf\u0131ndan iletilen t\u00fcm \u015fikayetlerin geli\u015fmemiz a\u00e7\u0131s\u0131ndan \u00f6nemini \u00e7ok iyi biliyoruz.<\/li><li>\u015eikayetleri adil ve objektif bir bi\u00e7imde, kendisini m\u00fc\u015fterinin de yerine koyarak ele al\u0131yoruz.<\/li><\/ul><p>T\u00fcrkiye&#8217;de son 20 y\u0131ld\u0131r geli\u015fim ivmesini h\u0131zla art\u0131ran teknoloji ve d\u00fcnya \u00e7ap\u0131nda de\u011fi\u015fen ekonomik dengeler sebebiyle d\u00fcnya neredeyse k\u00fcresel bir k\u00f6y halini ald\u0131. Art\u0131k web siteleri arac\u0131l\u0131\u011f\u0131 ile bilgiye an\u0131nda eri\u015filebiliyor, al\u0131\u015fveri\u015f an\u0131nda yap\u0131labiliyor, d\u00fcnyan\u0131n di\u011fer ucundaki yak\u0131nlar\u0131n\u0131zla an\u0131nda ileti\u015fim kurabiliyor ve payla\u015f\u0131mda bulunabiliyorsunuz. Bu do\u011frultuda, 500+ milyon web sitesini bar\u0131nd\u0131ran bu potansiyel i\u00e7erisinde var olmaman\u0131n ba\u015fl\u0131 ba\u015f\u0131na bir dezavantaj olmas\u0131 ka\u00e7\u0131n\u0131lmaz bir ger\u00e7ek.<\/p>\t\t\t\t\t\t\t\t<\/div>\n\t\t\t\t<\/div>\n\t\t\t\t\t<\/div>\n\t\t<\/div>\n\t\t\t\t\t<\/div>\n\t\t<\/section>\n\t\t\t\t<\/div>\n\t\t","protected":false},"excerpt":{"rendered":"<p>KAL\u0130TE POL\u0130T\u0130KAMIZ M\u00fc\u015fteri memnuniyeti sa\u011flamak i\u00e7in sizin yani m\u00fc\u015fterilerimizin ne istedi\u011fini biliyoruz. Her \u015feyden \u00f6nce m\u00fc\u015fterilerimizin bize ula\u015fabilmesini sa\u011fl\u0131yoruz ve bizimle payla\u015ft\u0131klar\u0131 fikirlere de\u011fer veriyoruz. M\u00fc\u015fterilerimizle kurdu\u011funuz ileti\u015fimin \u015firketimiz i\u00e7in olumlu geri d\u00f6n\u00fc\u015fler sa\u011flayaca\u011f\u0131n\u0131 bilenlerdeniz. Mutluluk payla\u015ft\u0131k\u00e7a artar ve mutlu m\u00fc\u015fteriler g\u00f6rmemizi sa\u011flar \ud83d\ude42 20 y\u0131ld\u0131r edindi\u011fimiz tecr\u00fcbe ile kalitemizden [&hellip;]<\/p>\n","protected":false},"author":1,"featured_media":0,"parent":0,"menu_order":0,"comment_status":"closed","ping_status":"closed","template":"","meta":{"footnotes":""},"class_list":["post-2099","page","type-page","status-publish","hentry"],"_links":{"self":[{"href":"https:\/\/ajansmultimedya.com\/index.php?rest_route=\/wp\/v2\/pages\/2099","targetHints":{"allow":["GET"]}}],"collection":[{"href":"https:\/\/ajansmultimedya.com\/index.php?rest_route=\/wp\/v2\/pages"}],"about":[{"href":"https:\/\/ajansmultimedya.com\/index.php?rest_route=\/wp\/v2\/types\/page"}],"author":[{"embeddable":true,"href":"https:\/\/ajansmultimedya.com\/index.php?rest_route=\/wp\/v2\/users\/1"}],"replies":[{"embeddable":true,"href":"https:\/\/ajansmultimedya.com\/index.php?rest_route=%2Fwp%2Fv2%2Fcomments&post=2099"}],"version-history":[{"count":4,"href":"https:\/\/ajansmultimedya.com\/index.php?rest_route=\/wp\/v2\/pages\/2099\/revisions"}],"predecessor-version":[{"id":2103,"href":"https:\/\/ajansmultimedya.com\/index.php?rest_route=\/wp\/v2\/pages\/2099\/revisions\/2103"}],"wp:attachment":[{"href":"https:\/\/ajansmultimedya.com\/index.php?rest_route=%2Fwp%2Fv2%2Fmedia&parent=2099"}],"curies":[{"name":"wp","href":"https:\/\/api.w.org\/{rel}","templated":true}]}}